 5*l + 550 = 0. What is the tens digit of (-4 + -1)/(-1) - n?
1
Suppose 22444 = 67*r - 327363. What is the units digit of r?
1
Let x = -4687 - -9401. What is the tens digit of x?
1
Suppose 2*q - 4*q = -5*w + 32, -5*w = -q - 16. Let v be q/(-48) - (-22)/6. What is the units digit of (-6)/2*(119/(-3) + v)?
7
Let l(m) = m**2 + 8*m + 15. Let p be l(-5). Suppose p = -3*k + 21*k - 6948. What is the units digit of k?
6
Suppose 712 = -2*o - b, 5*o + 4*b + 1794 = 5*b. What is the hundreds digit of 1 + (-5 - (o - -1))?
3
Let p be 3/4 + 0 + (-1)/(-4). Let w = p - 10. Let t(l) = -l**3 - 11*l**2 - 19*l + 12. What is the tens digit of t(w)?
2
Let f = -168 + 140. What is the tens digit of (f/7 + -2)/(6/(-376))?
7
Let d(c) = -1 - 1 + 2*c**2 - 1 + 5*c**3 - 1. Suppose r - 24 = -7*r. What is the hundreds digit of d(r)?
1
Let j be (-5 - -25) + (2 - 0). Suppose 0 = -2*v + 120 + j. Suppose v = -0*d + d. What is the units digit of d?
1
Suppose -i - 60609 = -139*u + 135*u, -3*i - 60611 = -4*u. What is the hundreds digit of u?
1
Suppose 3*p + 12679 = 3*f - p, 4*p = 20. What is the thousands digit of f?
4
Suppose 3*q - 23 = 6*m - m, 5*m - 5*q = -25. Suppose -r = -5*t + 152, -71 = -4*t + 2*t - 3*r. Let i = m + t. What is the units digit of i?
7
Let b(h) = -1589*h - 1902. What is the units digit of b(-5)?
3
Suppose -641 = z - 183. Let w = 493 + z. What is the units digit of w?
5
Let y = -154 + 148. Let l(b) = -2*b**2 - 17*b - 26. What is the units digit of l(y)?
4
Let s(i) = -i**3 - i - 11. Let w be s(0). Let n(p) = p**2 + 9*p - 22. Let o be n(w). Suppose o = -9*d + 764 + 154. What is the units digit of d?
2
Suppose -3*f - 10*t = -12*t - 15782, -4*t + 26252 = 5*f. What is the units digit of f?
6
Let x be -1*(-704)/6 + (-220)/165. Suppose -8 = v - 10, 2*v = -4*b + x. Suppose -b*t - 316 = -30*t. What is the hundreds digit of t?
1
Suppose 1352 = 65*j - 57*j. Suppose -q = 4*a - 0*a + 18, -4*q = -2*a. Let x = j - q. What is the hundreds digit of x?
1
Suppose -2*z = 5*s - 57, 2*z - 3*s - 11 - 6 = 0. Suppose -12*f = -2*i - z*f + 96, 152 = 4*i - 2*f. What is the units digit of i?
0
Suppose 51*v = -10*v + 2022091 - 753779. What is the units digit of v?
2
What is the units digit of ((-852)/15)/((-2)/175)?
0
Let l(f) = 16*f**2 - 11*f - 7. Let j be l(-4). Let z = -200 + j. What is the tens digit of z?
9
Let u(y) = -y**3 + 21*y**2 - 20*y - 3. Let a be u(20). Let v be a*(-2 + 1 - 58/6). Let x = v - 12. What is the tens digit of x?
2
Let s = -1214 - -1834. Let g be s/(-150) + 2/15. What is the tens digit of 18/(-24) - 315/g?
7
Let l be 0/(((-12)/2)/(-2)). Let w(h) = -5*h**2 + 6*h + 3. Let n be w(0). What is the units digit of ((-3)/(-12))/(l + n/708)?
9
Suppose 11*j - 4 - 18 = 0. Suppose 4*t = j*t - 2*z, -t + z = 0. Suppose 5*l = 2*g + 520, t = 5*g - 3*g + 10. What is the units digit of l?
2
What is the tens digit of (-3 - -2)/(7 - 22580/3225)?
4
Let r be (8 + 312/(-40))*-1745. Let i = 882 - r. What is the units digit of i?
1
Let d be (-19*8)/(((-56)/(-154))/(-4)). Let b = 3030 - d. What is the hundreds digit of b?
3
Let r(o) = -22*o + 103. Let u be r(5). Let h = 74 - u. What is the units digit of h?
1
Let r = 17 + -18. Let o be r/(-3) + 3336/9. Suppose -337 = -6*h + o. What is the units digit of h?
8
Let x(u) be the third derivative of 5*u**5/12 + 5*u**4/24 + u**3/2 - 7*u**2. What is the tens digit of x(-1)?
2
Suppose -k = -3*f + 130, -23*k = -5*f - 21*k + 218. What is the tens digit of (140 + -5)/(7/f)?
1
What is the thousands digit of 5/(-1 + 21) - (0 + (-502601)/44)?
1
Suppose -m + 6008 = 4*f, -2*m = 7*f - 9*f - 12016. Suppose q = 6*q - 4*o - m, -5*o - 2393 = -2*q. Suppose -2*s = 5*s - q. What is the hundreds digit of s?
1
Let l(c) = 9 + 7 + 3*c - 5*c**2 + 3 - 21 + 108*c**3 + 3*c**2. What is the units digit of l(2)?
0
Suppose 3317*z - 1579059 = 3270*z. What is the ten thousands digit of z?
3
Let q = 97 - 79. Let w be q/12*(-304)/6. What is the tens digit of (-93)/(-4) + 19/w?
2
Let y be -175*1/3 + 4/(-6). Let p = y - -69. Suppose 15*w - 55 = p*w. What is the units digit of w?
1
Let x = -38 - -38. Suppose x = 3*h - 5 - 10. What is the units digit of h - (-63 - (-9 + 4))?
3
Let n = 3058 - -3983. Let o be (-4)/(-18) - n/(-27). Suppose -4*w + 105 + o = -2*k, 0 = -5*w - 4*k + 425. What is the units digit of w?
9
Let h = 23207 + -15629. What is the units digit of h?
8
Let r be (-1 + -1)*(-2 - 2). Suppose -v + r = v. Suppose 4*y - 4*u - 160 = 0, -v*y + 0*u + 161 = -3*u. What is the units digit of y?
1
Let t(h) = -5*h + 225. Let l be t(44). Let c(j) = j**3 + 11*j**2 + 4*j + 4. Let y be c(-11). What is the units digit of ((-22)/l)/(-2*(-1)/y)?
8
Let x be 2/9 + 11/(-9). What is the units digit of (-1)/((-1104)/1101 - x)?
7
Let b(a) = 2 - 8*a - 5*a**2 + 5*a - 2*a**2 + 2*a**2. Let n be b(3). What is the tens digit of 2*4*n/(-32)?
1
Let m(s) be the second derivative of -14*s**3/3 - 40*s**2 - 322*s. What is the tens digit of m(-24)?
9
Suppose 77336 = -116*u + 121*u - 3*z, 2*u + 2*z - 30912 = 0. What is the tens digit of u?
6
Let a(i) = 12*i + 40. Let p(o) = -37*o - 119. Let n(f) = -13*a(f) - 4*p(f). Let h be 176/(-10) - (-6)/(-15). What is the hundreds digit of n(h)?
1
Let n = -460 - 158. Let t = n + 1273. What is the hundreds digit of t?
6
Let m(t) = -1463*t - 41. What is the units digit of m(-3)?
8
Suppose 2*t = 2*o + 8, 0 = -3*t + 4*o + 30 - 19. What is the hundreds digit of t/(-35) + 65814/49?
3
Let s(f) = -52*f**3 - 7*f**2 - 7*f - 7. Let g be s(-3). Suppose -5*p = -2*z - 1684 - 5022, p - 5*z = g. What is the thousands digit of p?
1
Let j = 289 + -280. Suppose -j*p + 9578 - 2432 = 0. What is the hundreds digit of p?
7
Let h be (-14 + 14)/(1*(-1)/(-1)). Suppose h = k + 2*i - 220, -2*k - k + 656 = 2*i. What is the hundreds digit of k?
2
Let x = 704 - 468. What is the tens digit of x?
3
Let s be 2/(-6) + 112/21 + -5. What is the units digit of 22/55*(s + 85)?
4
Let m(q) = 87*q - 117. What is the tens digit of m(4)?
3
Suppose -4*x = -5*b + 7 + 159, -10 = 5*b. Let s = x + 46. Suppose -2*t - 3*t + 305 = s*u, 3*u + 103 = 2*t. What is the tens digit of t?
5
Let l(u) = -210*u + 202. Let w = -427 - -422. What is the thousands digit of l(w)?
1
Suppose 0*c + 16*c - 1119176 = -21*c. What is the hundreds digit of c?
2
Let m(a) = -375*a + 290. What is the units digit of m(-20)?
0
What is the tens digit of (-54 + -85810)*(-15)/20?
9
Let m(k) = 2*k**2 + 11*k + 19. Let f(h) = -h**2 - 2*h + 1. Let c(l) = -2*f(l) + m(l). What is the tens digit of c(8)?
9
Let c = 61 - -494. Let x = c - -29. What is the hundreds digit of x?
5
Let b = 46 - 48. Let s be -16*7/b - 0/(-20). Let k = s + -52. What is the units digit of k?
4
Suppose -18*q = -54*q - 3446 + 84302. What is the thousands digit of q?
2
Suppose 12*c - 39 - 33 = 0. What is the units digit of 3/(-2) - (0 + (-1305)/c)?
6
Let n = -35 - -38. Suppose 169 = -n*y + 61. What is the units digit of 2/9 + (-2980)/y?
3
Let n be 5 + (5/10*-2 - 0). Suppose 3*w + 1004 = n*w. What is the hundreds digit of w?
0
Let r(b) = 3908*b**3 + b**2 - 6*b + 4. What is the units digit of r(1)?
7
Suppose 0 = -2*i + 18 - 108. Let j(y) = -38*y - 25. Let r be j(-3). Let c = r + i. What is the units digit of c?
4
Let t = -272 + 182. Let p = -51 - t. What is the units digit of 2899/p + (-1)/3?
4
Suppose 5*f + 23 = 2*n, 2*n - 102 + 39 = -3*f. Suppose 7*p = 8*p - n. Suppose p*v - 18*v = 522. What is the units digit of v?
7
Let k(u) = u + 22. Let y be (-1197)/28 - 3/(14 + -2). Let n = -49 - y. What is the tens digit of k(n)?
1
Let j = -347 - -606. Let a = -135 + j. What is the hundreds digit of a?
1
Let c be (-2)/(-15) + (-235)/75. What is the tens digit of ((-20)/6 - -2) + (-175)/c?
5
Let p(u) = u**2 + 2*u + 7. Let y be p(-4). What is the tens digit of (16 - y) + -1 + 478?
7
Suppose 0*x = -6*x. Suppose -o + 656 = 3*d + o, x = -2*o + 8. Suppose -3*w + 36 = -d. What is the units digit of w?
4
Let t(o) = -6*o**2 - 5*o - 33. Let k be t(8). Let h = k + 1165. Suppose 7*g - 13*g + h = 0. What is the hundreds digit of g?
1
Let h(l) = 4*l**2 + 21*l + 7. Let q(k) = 3*k**3 - 3*k**2 + 1. Let a be q(-1). Let c be h(a). What is the units digit of 1 + c + (-1 - 0)?
2
What is the thousands digit of 4 + (-35189)/(-2) - 1/(-2)?
7
Suppose 5*l - 1157 - 25358 = -5*a, 0 = 5*l - 4*a - 26497. Suppose 4*s = 23*s - l